).
7
Let m(o) = -2*o + 4. Let b(v) = -2*v + 4. Let n(z) = -4*b(z) + 3*m(z). Determine n(-5).
-14
Suppose 5*t - 17 = -2. Let k(u) = u**2 - u - 3. Calculate k(t).
3
Let i(f) = 3*f + 1 + 5*f**2 - f**3 + 7 + 2*f. What is i(6)?
2
Suppose 2*p + 5*b = 35, 3*b = -4*p + 12 + 23. Let f(h) = -h + 11. What is f(p)?
6
Suppose 3*x - 4 = 8. Suppose s + 6 = x*s, g - 3*s = 0. Let p(d) = 2*d - 2. Calculate p(g).
10
Let v = -4 - -10. Let b be (4/(-6))/(4/(-30)). Let i(m) = 0 - 3 - m**3 + 6*m - 3 + b*m**2 + 0. Calculate i(v).
-6
Let s(x) = x**2 - x - 2. Let o(p) = 2*p**2 - 3*p - 4. Let k(n) = 2*o(n) - 5*s(n). Give k(0).
2
Let r(i) = 2 - 10*i - 11 + 8. Give r(-2).
19
Let r(i) = 2*i + 7 - 2*i + 2*i. Let a = 13 + -10. Suppose 2*m + 6*h - 2*h = -22, 4*m + 29 = -a*h. Determine r(m).
-3
Let a(k) = -k - 8. Suppose 2*m - s = m + 91, -81 = -m - s. Suppose 3*q - 30 = -0*q - 3*b, 5*q = 4*b + m. Let l = 8 - q. Determine a(l).
-2
Let p(f) = f**3 + 6*f**2 - f - 4. Let k(j) = j**3 + 7*j**2 - 4. Let h(d) = 3*k(d) - 4*p(d). Let b = 22 + -19. Suppose 3*q + 15 = b. Calculate h(q).
4
Let u = -108 - -111. Suppose -6 = -2*c - 2. Let h(i) = -2*i**2 + i**c + 2*i**2 - 2*i. Give h(u).
3
Let n(p) = 5*p - 3*p**2 - 1 + 4 + 3*p**3 - 4*p**3. Suppose -s + 2*s = 2. Suppose -5*h = -2*l + 12, s*l + 8 + 8 = -2*h. Give n(h).
-1
Let b(j) = -j + 1. Suppose -12 - 8 = 4*x. Determine b(x).
6
Let h = -9 - -16. Let b = h - 8. Let n(x) = -2*x**2 - 2*x - 1. Determine n(b).
-1
Let m(u) be the third derivative of 1/120*u**6 - 1/6*u**4 + 0 + u**3 + 1/15*u**5 - 2*u**2 + 0*u. Let f = -14 - -9. Determine m(f).
1
Let k(w) be the first derivative of -w**3/3 - 7*w + 1. Suppose 4 - 1 = 3*a + 3*u, -4 = 4*a - 4*u. What is k(a)?
-7
Let j(g) = -23*g + 54 - 49 + 27*g. Determine j(-7).
-23
Let x(j) = -2*j**2 + j**3 + 1 - 4*j**3 - j**3. Let n = -2 + 5. Suppose -4*w - n = -w. Determine x(w).
3
Let v(h) = 2*h**3 + 4*h**2 + 2*h - 1. Let b be (2 + 2 + -3)*0. Let y be (-3)/6*b + -2. Give v(y).
-5
Let p(b) be the second derivative of -b**5/20 - b**4/2 - 4*b**2 + 3*b. Give p(-6).
-8
Let u(n) be the third derivative of -n**4/8 + n**3/6 + 2*n**2. Let w = -14 + 17. Give u(w).
-8
Suppose -4*n = 3*x + 2, -18 = x - 5*x + 5*n. Let k(j) = -j**2 - 4*j - 2*j + 3*j - x - 3*j. Give k(-5).
3
Let r(z) = -2*z + 3 + 2*z - z + 0. Calculate r(4).
-1
Let v(n) be the third derivative of n**6/720 - n**5/40 - n**4/24 + 2*n**2. Let l(h) be the second derivative of v(h). What is l(0)?
-3
Let q(s) = s. Let c(w) = w**3 - w**2 - 2*w + 2. Suppose 0 = 5*u + 5 - 0. Let h be 18/8 + u/4. Let l be c(h). Give q(l).
2
Let f(r) = r - 1. Let w(c) = -3*c - 20. Let l be w(-8). Determine f(l).
3
Let f(z) = -2*z**2 + 4*z - 3. Let m be ((-2)/(-3))/(10/75). Let u = -3 + m. What is f(u)?
-3
Let v(z) be the third derivative of z**5/60 + 5*z**4/12 + 5*z**3/6 + 30*z**2. Calculate v(-7).
-16
Let s(u) = 9*u**3. Let w(y) = -y + 4. Let r be w(3). Calculate s(r).
9
Let y(g) = g**2 - 7*g - 2. Let k(d) = 22*d - 4*d**2 + d**2 + 3 + 2. Let w(z) = 2*k(z) + 7*y(z). Calculate w(5).
-4
Let d(q) = 38*q - 2 + 44*q + 0 - 81*q. Determine d(8).
6
Let j be (-2)/((-30)/(-26) - 1). Let a = j - -28. Let d = a - 11. Let g(l) = -2*l + 4. Give g(d).
-4
Let t(l) = 3*l. Let p(y) = y + 1. Let v(g) = -6*p(g) + t(g). Suppose -z + 0*r - 8 = -3*r, -4*z = r + 19. What is v(z)?
9
Let i(f) = 0*f - 2*f - 6 - 2*f**2 + 5 + f**3 + 9*f**3. Give i(-1).
-11
Let o(j) = j**3 - 2*j**2 + 3*j - 4. Let w be o(2). Let r(d) be the third derivative of d**6/120 - d**5/20 + d**4/8 - d**3/6 - 2*d**2. Determine r(w).
1
Suppose -4 = -5*w - 2*f, 3 = 2*w + f + 2. Let v(y) = -2 - 4*y + 2*y**2 - 2*y + y + 4*y. Let s be v(w). Let a(k) = -k**3 + 5*k**2 - 3*k - 2. What is a(s)?
2
Let h(n) = -n + 6. Suppose 3*x - 15 = -3*f, f + 4*f - 25 = 2*x. Give h(f).
1
Let o(h) = -8 + 2 + 2*h**2 + h**3 + 3*h**2 - 7*h. Let n = 2 - 2. Suppose 4*c + 27 = p, n = -3*c + 4*c + 5*p - 9. What is o(c)?
0
Let p = 12 + -6. Let y be -2*3/p + 6. Let g = y + -4. Let n(w) = 7*w**3. What is n(g)?
7
Let s be ((-6)/(-21))/(3/21). Let t be (s/4)/(2/(-16)). Let m(w) be the first derivative of -w**3/3 - 3*w**2 - 6*w + 2. Calculate m(t).
2
Let c(g) = -g**2 + g. Let i(b) = 4*b**2 - 4*b - 1. Let m(s) = 5*c(s) + i(s). Let a(z) = 2*z**3 - 2*z**2 + 2*z - 2. Let n(d) = -a(d) + 2*m(d). Determine n(-1).
2
Let b(h) = -4*h**2 + h**3 - 2 - 2*h**3 + 0*h**3 - 5*h + h. Let p(m) = -4*m**3 + 1. Suppose -4*l + 0*l = -4. Let j be p(l). Calculate b(j).
1
Suppose -2*i = -3*a + 22, 2*i = 5*a + 13 - 43. Let p(s) be the first derivative of -1 - 1/3*s**3 + 0*s - 5/2*s**2. Give p(i).
0
Let u(d) = -d + 4. Suppose l - 11 = 3*h, -2*l + 2*h = -2*h - 18. Calculate u(l).
-1
Let g(f) = -f**2 - 5*f + 4. Let d be g(-5). Let n(x) = 4*x - x**2 - 2*x**3 + x**3 + d - 2*x**2. What is n(-4)?
4
Suppose -j - 3*w = -20, -2*j - 4*w = -7*j + 81. Suppose 4*k - j = -y + 6*y, -4 = 2*y - 3*k. Let b(l) be the first derivative of -l**2/2 - 4*l - 2. What is b(y)?
1
Suppose -10 = -7*b + 32. Suppose -c + 2 = -2. Let m(u) = -3*u - 2*u**2 + 3*u**2 - c*u. Calculate m(b).
-6
Let w(u) = -3*u + 1. Let x(b) = b - 1. Let t(c) = -w(c) - 2*x(c). Calculate t(-3).
-2
Suppose 0 = 2*a - 6, -a = -0*b - 3*b - 9. Let i(h) = -h**3 + 10*h**2 + 5*h - 10. Let u(k) = -2*k**2 - k + 2. Let g(c) = b*i(c) - 11*u(c). Give g(-2).
-12
Let b(z) = 6*z - 4*z - z**2 - 2 - 2*z - 9*z. Determine b(-8).
6
Let j be 10/80*28 - (-2)/(-4). Let z(x) = x**3 - 4*x**2 + 3. Give z(j).
-6
Let v(c) = -2*c + 7*c**2 - 8*c**2 + 8*c**2 + 4*c + 1. What is v(-1)?
6
Let b(v) = -4*v - 1. Let t(h) = 3*h + 2*h - 3*h + h + 1. Let y(s) = 2*b(s) + 3*t(s). What is y(-5)?
-4
Suppose 5*y - 248 = -243. Let c(x) be the first derivative of 4/3*x**3 + 1/2*x**2 + 0*x + y. Determine c(1).
5
Let n(t) = t + 1. Let z(o) = 3*o + 7. Let j(f) = 4*n(f) - z(f). Calculate j(3).
0
Let a(b) = 5*b + 4*b**3 - 2 - 3*b**3 - 6*b**2 + 0*b**3. Let g be (-4)/1*(-1 + 0). Suppose 0*t - 12 = -2*t + v, t - 13 = g*v. What is a(t)?
-2
Suppose 21*l - 23*l + 12 = 0. Let r(t) = t**3 - 5*t**2 - 4*t - 3. Determine r(l).
9
Suppose 5*v = 5*x + 25, 3*x = -2*x - 3*v + 15. Let q = -3 - x. Let z be 1 + (q - (1 - 6)). Let p(n) = -n**3 + 4*n**2 - 5*n + 2. Give p(z).
-4
Suppose 0*c + 20 = c. Suppose -2*j - 20 = -i, 2*i = -0*i - j + c. Suppose -8 - i = -5*m. Let y(g) = g**3 - 3*g**2 - 4*g - 2. Calculate y(m).
-2
Let j be (2 - -5) + -1 + 0. Let g(x) = 9*x**3 + 21*x**2 - 9*x + 9. Let s(d) = -5*d**3 - 11*d**2 + 5*d - 5. Let p(i) = j*g(i) + 11*s(i). Give p(5).
4
Let c(r) = -r**2 + 5*r - 2. Let h be c(2). Let t(m) = -3 + 3*m - h*m**3 + 3*m**3 + 2*m + 3*m**2 + m. Calculate t(4).
5
Let g(k) = 4*k - k + 4 + k - k. Determine g(-6).
-14
Suppose 2*v + 44 = -4*y + 5*v, 4*v + 2 = y. Let a be 2/(-7) - (-10)/y. Let h(q) = -30*q. Let m(k) = -12*k. Let c(n) = 5*h(n) - 12*m(n). Calculate c(a).
6
Let r be ((-14)/(-21))/((-2)/(-21)). Let u(h) = -2*h + 9. Let t be u(r). Let b(f) = -f**3 - 5*f**2 + f - 2. Give b(t).
-7
Let m(y) = -y**2 - y - 1. Let o(d) = -4*d**2 - 4. Let h(i) = -3*m(i) + o(i). Let l be h(2). Let a(b) = -b - 2 + 2. Determine a(l).
-1
Let l = -17 - -21. Let j(o) = -3 - o - 2 + 6. What is j(l)?
-3
Let p = 19 + -22. Let n(g) = 6*g - 3. Give n(p).
-21
Let f(s) = 0 + 6*s**3 + 0*s - 2*s + 1. Suppose -12*h - 7 = -19. Determine f(h).
5
Suppose 0 = -o - 0*o + 2. Let p be (-3)/o + (-45)/(-10). Let n(j) = -p - j**3 - 2 - 4*j + 7 + 5*j. Determine n(2).
-4
Let d(g) = -5*g**2 - 1. Let v = -17 + 16. What is d(v)?
-6
Let p(b) be the second derivative of -1/6*b**4 + 1/2*b**2 + 0*b**3 - 3*b + 1/10*b**5 + 0. What is p(1)?
1
Let s = 34 + -15. Let t = 22 - s. Let h(a) = 2*a**3 - 3*a**2 - 4*a - 1. Determine h(t).
14
Let v(p) be the third derivative of p**6/120 - p**5/60 - p**4/24 + 5*p**3/3 + 19*p**2. What is v(0)?
10
Let v be (3 - 0/(-2)) + 1. Suppose -3*f = 2*f. Let l = v - f. Let n(g) = 2*g - 3. Determine n(l).
5
Let x(v) = 2*v + 2. Suppose 4*g - 41 = 7. Let a(j) = -10*j**3 + j**2 - 2*j + 2. Let k be a(1). Let b = k + g. Determine x(b).
8
Suppose 0 = -s + 2, -6*i + 30 = -i + 5*s. Let j(f) be the first derivative of 1/4*f**4 + 0*f**2 - 4/3*f**3 - 4*f + 4. Calculate j(i).
-4
Let x(v) be the third derivative of v**9/60480 - v**8/10080 + v**6/360 - v**5/15 - 2*v**2. Let c(d) be the third derivative of x(d). Give c(2).
2
Let k(b) be the second derivative of -